{"id":743,"date":"2023-02-01T17:51:16","date_gmt":"2023-02-01T17:51:16","guid":{"rendered":"https:\/\/islandpferdehof-hainbuche.de\/?page_id=743"},"modified":"2025-06-15T20:02:58","modified_gmt":"2025-06-15T20:02:58","slug":"ueber-uns","status":"publish","type":"page","link":"https:\/\/islandpferdehof-hainbuche.de\/?page_id=743","title":{"rendered":"\u00dcber uns"},"content":{"rendered":"\n    \n    <section class=\"u-align-center u-clearfix u-container-align-center u-custom-color-11 u-section-2\" id=\"carousel_42d7\">\n      <div class=\"u-clearfix u-sheet u-sheet-1\">\n        <div class=\"u-align-left u-container-align-left u-container-style u-group u-group-1\" data-animation-name=\"customAnimationIn\" data-animation-duration=\"1500\">\n          <div class=\"u-container-layout u-container-layout-1\">\n            <h1 class=\"u-text u-text-default u-title u-text-1\"> \u00dcber uns<\/h1>\n            <p class=\"u-text u-text-2\"> Hier k\u00f6nnt Ihr demn\u00e4chst mehr \u00fcber uns erfahren...<\/p>\n            <a href=\"#\" class=\"scrollbutton u-align-center u-border-none u-btn u-button-style u-hover-white u-palette-2-base u-text-hover-palette-2-base u-text-white u-btn-1\">Mehr Erfahren<\/a>\n          <\/div>\n        <\/div>\n      <\/div>\n    <\/section>\n    <section class=\"u-align-center u-clearfix u-container-align-center u-white u-section-3\" id=\"carousel_9712\">\n      <div class=\"u-expanded-width u-palette-2-base u-shape u-shape-rectangle u-shape-1\"><\/div>\n      <div class=\"u-gallery u-layout-grid u-lightbox u-show-text-on-hover u-gallery-1\" id=\"carousel-1a28\">\n        <div class=\"u-gallery-inner u-gallery-inner-1\" role=\"listbox\">\n          <div class=\"u-effect-slide-bottom u-gallery-item u-shape-rectangle u-gallery-item-1\">\n            <div class=\"u-back-slide\" data-image-width=\"1731\" data-image-height=\"1154\">\n              <img class=\"u-back-image u-expanded u-back-image-1\" src=\"https:\/\/islandpferdehof-hainbuche.de\/wp-content\/uploads\/2023\/02\/Mickey1.jpg\" alt=\"...\">\n            <\/div>\n            <div class=\"u-align-center u-over-slide u-shading u-over-slide-1\">\n              <h3 class=\"u-gallery-heading\">...<\/h3>\n            <\/div>\n          <\/div>\n          <div class=\"u-effect-slide-bottom u-gallery-item u-shape-rectangle u-gallery-item-2\">\n            <div class=\"u-back-slide\" data-image-width=\"720\" data-image-height=\"1280\">\n              <img class=\"u-back-image u-expanded u-back-image-2\" src=\"https:\/\/islandpferdehof-hainbuche.de\/wp-content\/uploads\/2023\/02\/islandpferdehof-hainbuche-collage-14-web.jpg\" alt=\"...\">\n            <\/div>\n            <div class=\"u-align-center u-over-slide u-shading u-over-slide-2\">\n              <h3 class=\"u-gallery-heading\">...<\/h3>\n            <\/div>\n          <\/div>\n          <div class=\"u-effect-slide-bottom u-gallery-item u-shape-rectangle u-gallery-item-3\">\n            <div class=\"u-back-slide\" data-image-width=\"853\" data-image-height=\"1037\">\n              <img class=\"u-back-image u-expanded u-back-image-3\" src=\"https:\/\/islandpferdehof-hainbuche.de\/wp-content\/uploads\/2023\/02\/islandpferdehof-hainbuche-collage-13-web.jpg\" alt=\"...\">\n            <\/div>\n            <div class=\"u-align-center u-over-slide u-shading u-over-slide-3\">\n              <h3 class=\"u-gallery-heading\">...<\/h3>\n            <\/div>\n          <\/div>\n          <div class=\"u-effect-slide-bottom u-gallery-item u-shape-rectangle u-gallery-item-4\">\n            <div class=\"u-back-slide\" data-image-width=\"1020\" data-image-height=\"1200\">\n              <img class=\"u-back-image u-expanded u-back-image-4\" src=\"https:\/\/islandpferdehof-hainbuche.de\/wp-content\/uploads\/2023\/02\/VomEinhornempfangen.jpg\" alt=\"...\">\n            <\/div>\n            <div class=\"u-align-center u-over-slide u-shading u-over-slide-4\">\n              <h3 class=\"u-gallery-heading\">...<\/h3>\n            <\/div>\n          <\/div>\n          <div class=\"u-effect-slide-bottom u-gallery-item u-shape-rectangle u-gallery-item-5\">\n            <div class=\"u-back-slide\" data-image-width=\"3024\" data-image-height=\"4032\">\n              <img class=\"u-back-image u-expanded u-back-image-5\" src=\"https:\/\/islandpferdehof-hainbuche.de\/wp-content\/uploads\/2023\/02\/BalancepadsfurmehrKorpergefuhl.jpg\" alt=\"...\">\n            <\/div>\n            <div class=\"u-align-center u-over-slide u-shading u-over-slide-5\">\n              <h3 class=\"u-gallery-heading\">...<\/h3>\n            <\/div>\n          <\/div>\n          <div class=\"u-effect-slide-bottom u-gallery-item u-shape-rectangle u-gallery-item-6\">\n            <div class=\"u-back-slide\" data-image-width=\"1600\" data-image-height=\"1200\">\n              <img class=\"u-back-image u-expanded u-back-image-6\" src=\"https:\/\/islandpferdehof-hainbuche.de\/wp-content\/uploads\/2023\/02\/IMG-20160527-WA0008.jpg\" alt=\"...\">\n            <\/div>\n            <div class=\"u-align-center u-over-slide u-shading u-over-slide-6\">\n              <h3 class=\"u-gallery-heading\">...<\/h3>\n            <\/div>\n          <\/div>\n        <\/div>\n      <\/div>\n      <h1 class=\"u-text u-text-default u-text-white u-title u-text-1\">Das Team<\/h1>\n    <\/section>\n    <section class=\"u-align-center u-clearfix u-container-align-center u-palette-4-base u-section-4\" id=\"carousel_9dac\">\n      <div class=\"u-clearfix u-sheet u-sheet-1\">\n        <div class=\"u-align-left u-container-align-left u-container-style u-expanded-width u-group u-group-1\" data-animation-name=\"customAnimationIn\" data-animation-duration=\"1500\">\n          <div class=\"u-container-layout u-container-layout-1\">\n            <h1 class=\"u-text u-text-default u-title u-text-1\"> O\u0308kologische Landwirtschaft - F\u00fcr das Wohl der Pferde<\/h1>\n            <p class=\"u-text u-text-2\"> Bereits seit 1990 betreiben wir aus \u00dcberzeugung ausschlie\u00dflich \u00f6kologische Landwirtschaft.<br>\n              <br>Bei uns steht das Wohl unserer Pferde an erster Stelle. Deshalb setzen wir auf eine nachhaltige und \u00f6kologische Gr\u00fcnlandwirtschaft, die es uns erm\u00f6glicht, hochwertiges Futter direkt vor Ort zu gewinnen. Unsere Gr\u00fcnlandfl\u00e4chen werden liebevoll gepflegt und biologisch bewirtschaftet, um eine gesunde und nat\u00fcrliche Ern\u00e4hrung f\u00fcr unsere Pferde sicherzustellen.&nbsp;<br>Durch den Verzicht auf chemische D\u00fcngemittel und Pestizide f\u00f6rdern wir die Artenvielfalt und sorgen f\u00fcr einen nat\u00fcrlichen Kreislauf im Gr\u00fcnland. Das Ergebnis ist frisches, ausgewogenes Futter, das genau auf die Bed\u00fcrfnisse der Pferde abgestimmt ist.&nbsp;<br>\n              <br>So k\u00f6nnen wir ihnen eine artgerechte und gesunde Ern\u00e4hrung bieten, die im Einklang mit der Natur steht.<br>\n              <br>Unsere \u00f6kologische Futtergewinnung ist nicht nur gut f\u00fcr die Tiere, sondern auch f\u00fcr die Umwelt. Wir sind stolz darauf, einen Beitrag zum Schutz unseres Planeten zu leisten und gleichzeitig das Wohl unserer Pferde zu f\u00f6rdern.<br>\n              <br>Besuchen Sie uns und \u00fcberzeugen Sie sich selbst von unserer nachhaltigen Philosophie und der Qualit\u00e4t unseres Futters!<br>\n            <\/p>\n          <\/div>\n        <\/div>\n      <\/div>\n    <\/section>\n    \n    \n    \n    \n  \n","protected":false},"excerpt":{"rendered":"<p>\u00dcber uns Hier k\u00f6nnt Ihr demn\u00e4chst mehr \u00fcber uns erfahren&#8230; Mehr Erfahren &#8230; &#8230; &#8230; &#8230; &#8230; &#8230; Das Team O\u0308kologische Landwirtschaft &#8211; F\u00fcr das Wohl der Pferde Bereits seit 1990 betreiben wir aus \u00dcberzeugung ausschlie\u00dflich \u00f6kologische Landwirtschaft. Bei uns steht das Wohl unserer Pferde an erster Stelle. Deshalb setzen wir auf eine nachhaltige und &hellip; <a href=\"https:\/\/islandpferdehof-hainbuche.de\/?page_id=743\" class=\"more-link\">Continue reading<span class=\"screen-reader-text\"> &#8222;\u00dcber uns&#8220;<\/span><\/a><\/p>\n","protected":false},"author":1,"featured_media":0,"parent":0,"menu_order":13,"comment_status":"closed","ping_status":"closed","template":"","meta":[],"_links":{"self":[{"href":"https:\/\/islandpferdehof-hainbuche.de\/index.php?rest_route=\/wp\/v2\/pages\/743"}],"collection":[{"href":"https:\/\/islandpferdehof-hainbuche.de\/index.php?rest_route=\/wp\/v2\/pages"}],"about":[{"href":"https:\/\/islandpferdehof-hainbuche.de\/index.php?rest_route=\/wp\/v2\/types\/page"}],"author":[{"embeddable":true,"href":"https:\/\/islandpferdehof-hainbuche.de\/index.php?rest_route=\/wp\/v2\/users\/1"}],"replies":[{"embeddable":true,"href":"https:\/\/islandpferdehof-hainbuche.de\/index.php?rest_route=%2Fwp%2Fv2%2Fcomments&post=743"}],"version-history":[{"count":2,"href":"https:\/\/islandpferdehof-hainbuche.de\/index.php?rest_route=\/wp\/v2\/pages\/743\/revisions"}],"predecessor-version":[{"id":1145,"href":"https:\/\/islandpferdehof-hainbuche.de\/index.php?rest_route=\/wp\/v2\/pages\/743\/revisions\/1145"}],"wp:attachment":[{"href":"https:\/\/islandpferdehof-hainbuche.de\/index.php?rest_route=%2Fwp%2Fv2%2Fmedia&parent=743"}],"curies":[{"name":"wp","href":"https:\/\/api.w.org\/{rel}","templated":true}]}}